is the remainder when 2818 is divided by 60?
58
What is the remainder when 832 is divided by 92?
4
Calculate the remainder when 210 is divided by 22.
12
What is the remainder when 305 is divided by 34?
33
What is the remainder when 47 is divided by 7?
5
What is the remainder when 383 is divided by 54?
5
Calculate the remainder when 314 is divided by 114.
86
What is the remainder when 601 is divided by 84?
13
Calculate the remainder when 182 is divided by 4.
2
Calculate the remainder when 55 is divided by 19.
17
Calculate the remainder when 3647 is divided by 41.
39
What is the remainder when 483 is divided by 29?
19
What is the remainder when 876 is divided by 156?
96
Calculate the remainder when 366 is divided by 200.
166
What is the remainder when 302 is divided by 38?
36
What is the remainder when 1350 is divided by 192?
6
What is the remainder when 1333 is divided by 444?
1
What is the remainder when 1343 is divided by 136?
119
What is the remainder when 88 is divided by 45?
43
What is the remainder when 470 is divided by 129?
83
What is the remainder when 1184 is divided by 35?
29
What is the remainder when 285 is divided by 96?
93
What is the remainder when 2225 is divided by 11?
3
What is the remainder when 45 is divided by 29?
16
What is the remainder when 3087 is divided by 8?
7
Calculate the remainder when 121 is divided by 4.
1
Calculate the remainder when 531 is divided by 4.
3
Calculate the remainder when 387 is divided by 66.
57
What is the remainder when 2020 is divided by 52?
44
Calculate the remainder when 40 is divided by 17.
6
Calculate the remainder when 4931 is divided by 35.
31
What is the remainder when 53 is divided by 18?
17
What is the remainder when 1208 is divided by 152?
144
What is the remainder when 1057 is divided by 31?
3
What is the remainder when 8566 is divided by 238?
236
What is the remainder when 6560 is divided by 9?
8
What is the remainder when 677 is divided by 20?
17
What is the remainder when 3302 is divided by 94?
12
Calculate the remainder when 134 is divided by 40.
14
What is the remainder when 1268 is divided by 630?
8
What is the remainder when 308 is divided by 18?
2
What is the remainder when 9401 is divided by 209?
205
What is the remainder when 336 is divided by 68?
64
What is the remainder when 1017 is divided by 504?
9
Calculate the remainder when 90 is divided by 27.
9
What is the remainder when 11721 is divided by 25?
21
What is the remainder when 474 is divided by 10?
4
What is the remainder when 2828 is divided by 22?
12
What is the remainder when 2994 is divided by 200?
194
Calculate the remainder when 253 is divided by 36.
1
What is the remainder when 6247 is divided by 142?
141
Calculate the remainder when 89 is divided by 15.
14
What is the remainder when 173 is divided by 45?
38
Calculate the remainder when 53 is divided by 19.
15
What is the remainder when 928 is divided by 115?
8
What is the remainder when 376 is divided by 21?
19
What is the remainder when 2498 is divided by 279?
266
Calculate the remainder when 8758 is divided by 27.
10
Calculate the remainder when 322 is divided by 172.
150
Calculate the remainder when 147 is divided by 77.
70
Calculate the remainder when 2077 is divided by 80.
77
Calculate the remainder when 2189 is divided by 73.
72
Calculate the remainder when 108 is divided by 28.
24
Calculate the remainder when 14119 is divided by 44.
39
Calculate the remainder when 130 is divided by 15.
10
Calculate the remainder when 2348 is divided by 10.
8
Calculate the remainder when 268 is divided by 68.
64
Calculate the remainder when 271 is divided by 39.
37
Calculate the remainder when 357 is divided by 14.
7
What is the remainder when 2172 is divided by 8?
4
What is the remainder when 896 is divided by 14?
0
Calculate the remainder when 359 is divided by 136.
87
What is the remainder when 232 is divided by 27?
16
What is the remainder when 1127 is divided by 94?
93
What is the remainder when 413 is divided by 38?
33
Calculate the remainder when 104 is divided by 35.
34
Calculate the remainder when 325 is divided by 10.
5
What is the remainder when 361 is divided by 151?
59
Calculate the remainder when 1458 is divided by 34.
30
What is the remainder when 1747 is divided by 92?
91
Calculate the remainder when 595 is divided by 75.
70
Calculate the remainder when 530 is divided by 76.
74
Calculate the remainder when 613 is divided by 77.
74
Calculate the remainder when 269 is divided by 18.
17
What is the remainder when 7189 is divided by 10?
9
Calculate the remainder when 18442 is divided by 85.
82
Calculate the remainder when 477 is divided by 54.
45
What is the remainder when 101 is divided by 25?
1
What is the remainder when 281 is divided by 90?
11
Calculate the remainder when 5073 is divided by 724.
5
Calculate the remainder when 410 is divided by 67.
8
Calculate the remainder when 994 is divided by 112.
98
Calculate the remainder when 138 is divided by 24.
18
Calculate the remainder when 877 is divided by 55.
52
Calculate the remainder when 32 is divided by 17.
15
What is the remainder when 345 is divided by 42?
9
What is the remainder when 238 is divided by 40?
38
Calculate the remainder when 56 is divided by 12.
8
What is the remainder when 141 is divided by 64?
13
Calculate the remainder when 143 is divided by 16.
15
Calculate the remainder when 174 is divided by 35.
34
What is the remainder when 2977 is divided by 332?
321
What is the remainder when 19 is divided by 13?
6
What is the remainder when 1970 is divided by 14?
10
What is the remainder when 807 is divided by 84?
51
Calculate the remainder when 186 is divided by 38.
34
Calculate the remainder when 3303 is divided by 174.
171
Calculate the remainder when 2198 is divided by 10.
8
Calculate the remainder when 1274 is divided by 213.
209
Calculate the remainder when 136 is divided by 12.
4
What is the remainder when 519 is divided by 58?
55
What is the remainder when 63 is divided by 56?
7
What is the remainder when 920 is divided by 42?
38
What is the remainder when 65 is divided by 19?
8
What is the remainder when 186 is divided by 23?
2
What is the remainder when 1531 is divided by 81?
73
Calculate the remainder when 277 is divided by 9.
7
What is the remainder when 55 is divided by 21?
13
Calculate the remainder when 244 is divided by 51.
40
Calculate the remainder when 24 is divided by 10.
4
Calculate the remainder when 280 is divided by 33.
16
Calculate the remainder when 204 is divided by 15.
9
Calculate the remainder when 106 is divided by 40.
26
Calculate the remainder when 555 is divided by 8.
3
What is the remainder when 6694 is divided by 3?
1
Calculate the remainder when 7775 is divided by 5.
0
What is the remainder when 2728 is divided by 105?
103
Calculate the remainder when 3294 is divided by 820.
14
Calculate the remainder when 500 is divided by 74.
56
What is the remainder when 60 is divided by 22?
16
Calculate the remainder when 158 is divided by 84.
74
Calculate the remainder when 683 is divided by 23.
16
Calculate the remainder when 1418 is divided by 35.
18
What is the remainder when 49 is divided by 11?
5
Calculate the remainder when 305 is divided by 11.
8
What is the remainder when 262 is divided by 53?
50
Calculate the remainder when 152 is divided by 43.
23
What is the remainder when 438 is divided by 74?
68
What is the remainder when 76 is divided by 12?
4
Calculate the remainder when 208 is divided by 66.
10
What is the remainder when 20639 is divided by 12?
11
Calculate the remainder when 173 is divided by 56.
5
Calculate the remainder when 712 is divided by 17.
15
Calculate the remainder when 519 is divided by 174.
171
What is the remainder when 955 is divided by 239?
238
Calculate the remainder when 1314 is divided by 113.
71
Calculate the remainder when 3602 is divided by 68.
66
What is the remainder when 81 is divided by 44?
37
What is the remainder when 130 is divided by 22?
20
Calculate the remainder when 61 is divided by 9.
7
Calculate the remainder when 168 is divided by 16.
8
What is the remainder when 5663 is divided by 126?
119
What is the remainder when 296 is divided by 38?
30
What is the remainder when 287 is divided by 167?
120
What is the remainder